{"id":2520,"date":"2023-07-06T15:40:14","date_gmt":"2023-07-06T18:40:14","guid":{"rendered":"https:\/\/contrasteserigrafia.com.br\/?post_type=product&#038;p=2520"},"modified":"2024-06-04T12:09:50","modified_gmt":"2024-06-04T15:09:50","slug":"camiseta-basica","status":"publish","type":"product","link":"https:\/\/contrasteserigrafia.com.br\/index.php\/product\/camiseta-basica\/","title":{"rendered":"Camiseta de Algod\u00e3o Personaliz\u00e1vel"},"content":{"rendered":"<p>Feita com tecidos confort\u00e1veis e dur\u00e1veis, a camiseta estampa oferece um ajuste confort\u00e1vel e uma sensa\u00e7\u00e3o suave contra a pele. Seu material de alta qualidade garante que ela mantenha sua forma e cor, mesmo ap\u00f3s v\u00e1rias lavagens, permitindo que voc\u00ea desfrute da sua camiseta por um longo tempo.<\/p>\n<p>As estampas nas camisetas podem variar desde desenhos art\u00edsticos, frases inspiradoras, ilustra\u00e7\u00f5es tem\u00e1ticas, logotipos de bandas ou at\u00e9 mesmo fotografias personalizadas. A escolha \u00e9 sua! Voc\u00ea pode selecionar a estampa que mais combina com sua personalidade, interesses ou humor do momento, tornando a camiseta uma representa\u00e7\u00e3o \u00fanica de quem voc\u00ea \u00e9.<\/p>\n<p>Al\u00e9m de ser uma express\u00e3o de estilo, a camiseta estampa \u00e9 uma pe\u00e7a vers\u00e1til que pode ser combinada com diferentes itens de vestu\u00e1rio. Voc\u00ea pode us\u00e1-la com jeans, shorts, saias ou at\u00e9 mesmo sob um blazer para criar looks casuais, descolados ou at\u00e9 mesmo elegantes, dependendo da ocasi\u00e3o.<\/p>\n","protected":false},"excerpt":{"rendered":"<p><span style=\"font-weight: 400;\">Malha 100 % algod\u00e3o<\/span><\/p>\n","protected":false},"featured_media":2779,"template":"","meta":{"site-sidebar-layout":"default","site-content-layout":"default","ast-site-content-layout":"default","site-content-style":"default","site-sidebar-style":"default","ast-global-header-display":"","ast-banner-title-visibility":"","ast-main-header-display":"","ast-hfb-above-header-display":"","ast-hfb-below-header-display":"","ast-hfb-mobile-header-display":"","site-post-title":"","ast-breadcrumbs-content":"","ast-featured-img":"","footer-sml-layout":"","theme-transparent-header-meta":"default","adv-header-id-meta":"","stick-header-meta":"","header-above-stick-meta":"","header-main-stick-meta":"","header-below-stick-meta":"","astra-migrate-meta-layouts":"set","ast-page-background-enabled":"default","ast-page-background-meta":{"desktop":{"background-color":"","background-image":"","background-repeat":"repeat","background-position":"center center","background-size":"auto","background-attachment":"scroll","background-type":"","background-media":"","overlay-type":"","overlay-color":"","overlay-gradient":""},"tablet":{"background-color":"","background-image":"","background-repeat":"repeat","background-position":"center center","background-size":"auto","background-attachment":"scroll","background-type":"","background-media":"","overlay-type":"","overlay-color":"","overlay-gradient":""},"mobile":{"background-color":"","background-image":"","background-repeat":"repeat","background-position":"center center","background-size":"auto","background-attachment":"scroll","background-type":"","background-media":"","overlay-type":"","overlay-color":"","overlay-gradient":""}},"ast-content-background-meta":{"desktop":{"background-color":"var(--ast-global-color-5)","background-image":"","background-repeat":"repeat","background-position":"center center","background-size":"auto","background-attachment":"scroll","background-type":"","background-media":"","overlay-type":"","overlay-color":"","overlay-gradient":""},"tablet":{"background-color":"var(--ast-global-color-5)","background-image":"","background-repeat":"repeat","background-position":"center center","background-size":"auto","background-attachment":"scroll","background-type":"","background-media":"","overlay-type":"","overlay-color":"","overlay-gradient":""},"mobile":{"background-color":"var(--ast-global-color-5)","background-image":"","background-repeat":"repeat","background-position":"center center","background-size":"auto","background-attachment":"scroll","background-type":"","background-media":"","overlay-type":"","overlay-color":"","overlay-gradient":""}}},"product_cat":[36],"product_tag":[],"class_list":{"0":"post-2520","1":"product","2":"type-product","3":"status-publish","4":"has-post-thumbnail","6":"product_cat-rouparia","7":"desktop-align-center","8":"tablet-align-center","9":"mobile-align-center","11":"first","12":"instock","13":"shipping-taxable","14":"purchasable","15":"product-type-simple"},"tiered_pricing_type":"fixed","tiered_pricing_fixed_rules":{"5":"74.90","10":"67.50"},"_links":{"self":[{"href":"https:\/\/contrasteserigrafia.com.br\/index.php\/wp-json\/wp\/v2\/product\/2520","targetHints":{"allow":["GET"]}}],"collection":[{"href":"https:\/\/contrasteserigrafia.com.br\/index.php\/wp-json\/wp\/v2\/product"}],"about":[{"href":"https:\/\/contrasteserigrafia.com.br\/index.php\/wp-json\/wp\/v2\/types\/product"}],"wp:featuredmedia":[{"embeddable":true,"href":"https:\/\/contrasteserigrafia.com.br\/index.php\/wp-json\/wp\/v2\/media\/2779"}],"wp:attachment":[{"href":"https:\/\/contrasteserigrafia.com.br\/index.php\/wp-json\/wp\/v2\/media?parent=2520"}],"wp:term":[{"taxonomy":"product_cat","embeddable":true,"href":"https:\/\/contrasteserigrafia.com.br\/index.php\/wp-json\/wp\/v2\/product_cat?post=2520"},{"taxonomy":"product_tag","embeddable":true,"href":"https:\/\/contrasteserigrafia.com.br\/index.php\/wp-json\/wp\/v2\/product_tag?post=2520"}],"curies":[{"name":"wp","href":"https:\/\/api.w.org\/{rel}","templated":true}]}}